the tens digit of f?
7
Let z(u) = u - 6. Let w be z(10). Suppose -w*g = -0*g - 76. What is the tens digit of g?
1
Suppose 4*o = 7 + 1. Suppose -2*t - 5*m + 24 = 0, 17 = 3*t + o*m - 4*m. What is the units digit of t?
7
Let c(y) = -y + 1. Let v be c(-1). Suppose v - 10 = n - 5*r, 5*n - 5*r = 0. What is the units digit of n?
2
Let n(h) = -h**2 + 2*h - 1. Let t be n(3). Let z(g) be the third derivative of g**5/60 + g**4/24 - 2*g**3/3 + g**2. What is the units digit of z(t)?
8
Let s(n) = -n + 9. Let w be s(9). Suppose w = 5*h - 0 - 10. What is the tens digit of 3 + (-2)/h + 10?
1
Let q(k) = 54*k - 8. Let c be q(6). Let p be (10/4 - 2)*c. What is the tens digit of p/8 + 6/(-8)?
1
Let b(c) be the second derivative of -c - 2*c**2 + 1/3*c**3 + 0. What is the units digit of b(3)?
2
Suppose 3*a - l = 12, -a + 3 = 5*l - 1. Let s be a/20 - 8/(-10). Let r(i) = 11*i**2 + i - 1. What is the tens digit of r(s)?
1
Let j be (-3 - 1)/(4/(-8)). Let p = j + -4. Suppose 0 = -p*l + 6 + 6. What is the units digit of l?
3
Let r = -172 - -305. What is the units digit of r?
3
Suppose 0 = 5*y - 3*y - 84. What is the units digit of y?
2
Suppose 4*c - 14 = -4*j - j, -5*j + 5 = -5*c. Suppose s = -s - j. What is the units digit of 5 - (s + (-4)/(-1))?
2
Let j be 51/(-18) - (-2)/(-12). Let m be 2*3/(j*2). What is the units digit of (m + 1/4)*-12?
9
Let n(o) = -o**3 - 8*o**2 - o + 1. Let l(k) = -4*k + 4. Let y(z) = 5*z - 3. Let i(j) = 3*l(j) + 2*y(j). Let s be i(7). What is the units digit of n(s)?
9
Suppose 2*x - 2*n = -2*x + 164, 5*n = 5*x - 215. What is the tens digit of x?
3
Suppose 0 = 5*x + 7 + 3, -x = -4*j - 10. What is the tens digit of (2 + 11)*1 - j?
1
Let v = 19 - 13. Let q = 4 + v. What is the tens digit of q?
1
Let q(b) = 4*b + 1. Let f be q(5). Suppose -5*z = -4 - f. What is the units digit of z?
5
Let u(l) = l**3 - 6*l**2 + 6*l - 3. Let n = -4 + 9. Let w be u(n). What is the units digit of (-1 + 21/6)*w?
5
Suppose 5*o - 2*o + 39 = 0. Let w = o + 60. What is the tens digit of w?
4
Let r be (4/(-8) - -1)*10. What is the units digit of (r + -3)*39/6?
3
Suppose 0*g = g - 1. Let k(h) be the third derivative of h**6/40 + h**5/30 - h**4/24 + h**2. What is the units digit of k(g)?
4
Suppose 0*z - 129 = -3*z. What is the tens digit of z?
4
Let j = 25 - 10. Let h = j - 9. What is the units digit of h?
6
Suppose -22 = -4*s + l + l, -12 = -4*l. Suppose -b = -4*v + 5, 5*v - 7 = 3. Suppose 0 = -3*c + 2*u + 13, -s = -4*u - b. What is the units digit of c?
5
Suppose -5*c = -4*l + 4, 0*l + 3*l - 3 = -3*c. Let y be 2/(-4)*(c - 0). Suppose y = -5*t, -4*r = r - 3*t - 40. What is the units digit of r?
8
Let r = 131 + -55. What is the tens digit of r?
7
What is the tens digit of 24/8 - (-22)/1?
2
Let s be -2 + 1*(1 - 0). What is the units digit of (3 - (1 - s))*1?
1
Let y(d) = d**3 + 10*d**2 - 4*d + 11. What is the units digit of y(-10)?
1
Suppose -q + 10 = 4*q. Suppose -q*p = -5*p + 24. Suppose -2 - p = -2*k. What is the units digit of k?
5
Let o be 4/(-6) + 92/12. Let j = o - 2. Suppose -4*g - 1 = -j. What is the units digit of g?
1
Let f(s) = 2*s + 3*s**2 - 5*s - 4*s + s**3 - 5. What is the units digit of f(-4)?
7
Let y = -1 - -4. What is the units digit of 3 + y + (-2 - -5)?
9
Let x = -24 - -36. What is the tens digit of x?
1
Suppose -3*f - 6 = -4*j + 23, 25 = 2*j - 5*f. Let i = -4 + j. Suppose 0 = v + 2*w - i, 5*v - 30 = -4*w - 1. What is the units digit of v?
9
Let r = -5 - -3. Let o be r*(2 + 36/(-3)). Suppose 4*c - 3*l - o = -l, -3*c = -5*l - 15. What is the units digit of c?
5
Let o = -63 - -135. What is the units digit of o?
2
What is the units digit of 1*(-2)/(-4)*2?
1
Let i(u) = -u**3 - 5*u**2 - u - 1. Let a be i(-5). Suppose 0 = 3*v - a*v + 6. What is the units digit of v?
6
Let s = 0 + 65. What is the units digit of s?
5
Let t(z) = -2*z - 2. Let m be t(-2). Suppose -78 = -m*r + 4. What is the tens digit of r?
4
Let c(j) = 2*j**2 - 9*j + 3. What is the units digit of c(8)?
9
Let y be 2/(-3)*(-7 + -2). Let n = 7 + y. What is the units digit of n?
3
Suppose -2*w + 103 = 3*c - 21, 5*c = w + 224. What is the tens digit of c?
4
Suppose -a - k = -8, -3*k - 2*k + 8 = -3*a. Suppose -4*y + 0*y + 44 = 4*n, -2*n = -a*y - 16. Suppose -n + 1 = -x. What is the units digit of x?
9
Let w(g) = -24*g**3 - 2*g**2 - 2*g - 1. Let z be w(-1). What is the units digit of z + (-15 - -3)/3?
9
Suppose -4*y = -2*q + 6, 0 = 3*q + y + 4*y - 20. Suppose 35 = q*w - 30. What is the tens digit of w?
1
Let w(b) = b**2 - 2*b + 4. Let r = 13 - -7. Suppose -2*k - 4*n + 7 + 3 = 0, 0 = 5*n - r. What is the tens digit of w(k)?
1
Suppose -42 = q + 4*v - 5*v, -34 = q + v. Let m(a) = -2*a - 10. Let x be m(-10). What is the units digit of q/(-5) + 4/x?
8
Let x(f) = f**2 - 3*f + 5. Let d be x(4). What is the units digit of 6/d*27/2?
9
Let j(u) = 21*u**3 + 2*u**2 - 1. Let f be j(1). Let b = -1 + f. What is the tens digit of b?
2
Suppose -4*x + 4 + 8 = 0. Let o(g) = -g + 2. Let h be o(x). What is the tens digit of (4/h)/((-6)/15)?
1
Suppose 40 = -5*g + 225. What is the units digit of g?
7
Let j(y) = 3*y + 1. Let n be j(-1). Let z = -3 - n. What is the units digit of ((-18)/(4/2))/z?
9
Let x be (-2)/6 - (-1)/3. Suppose 3*u + x*p = -p + 47, 3*p - 13 = -u. What is the tens digit of u?
1
Suppose 3*x = -2*s + 82, 3*s + 3*x - 182 + 65 = 0. What is the tens digit of s?
3
Let y be -3 + 0 + 1 + 0. Let l(z) = -2*z. Let g be l(y). Let c = g - -3. What is the units digit of c?
7
Suppose 2*r - 9 = 5*r. Let k(n) be the first derivative of -n**2/2 - 1. What is the units digit of k(r)?
3
Let o = 10 + -5. Suppose 28 = -o*y + 9*y. What is the units digit of y?
7
Let d(m) be the third derivative of 0*m + 1/6*m**3 + 2*m**2 - 1/12*m**4 + 0. What is the units digit of d(-7)?
5
Suppose 4*y + 4*k - 432 = 0, y - 2*k - 112 = -4*k. What is the tens digit of y?
0
Suppose 4*j + 6 = -2*r, 3*j + 9 = 2*r - 5*r. Suppose 46 = 4*a - 34. Suppose 4*l = -j + a. What is the units digit of l?
5
Let q(m) = -16*m + 6. Let b be q(-3). What is the units digit of (b/15 + -3)*5?
3
What is the units digit of -1 + 2/(-2) - (-7 + -13)?
8
Suppose 2*n - 4*y - 40 = 0, n - 3 = -2*y + 1. Suppose 2*v + v = n. Suppose v - 5 = -g. What is the units digit of g?
1
Suppose -2*d + 145 = -315. What is the units digit of d?
0
Let t = -13 + 55. What is the units digit of (-1)/(-2*3/t)?
7
Let c(q) = -q**3 + q**2 - q - 2. Let k be c(2). Let m = -5 - k. What is the units digit of m?
3
Let z(b) = b**2 + 1 - 1 - b. Let m be z(1). Suppose m*d + 4*d = 16. What is the units digit of d?
4
Let x be ((-12)/(-15))/(1/(-5)). Let p = -2 - x. Suppose -5*z + 53 = -4*q, -q = 3*z + p*z - 43. What is the units digit of z?
9
Let y be (10/4)/(2/4). Suppose -2*i - 6 = -y*i. Let x = i - 1. What is the units digit of x?
1
Suppose -5*g = 4*k - 8, 10 = 7*k - 2*k. Suppose -5*a = -3*i - 16, 5*a = -4*i + 37 - g. What is the units digit of a?
5
Suppose 0 = u - 3*u + 32. Let c = 29 - u. What is the units digit of c?
3
Let y be (2 - (-3)/(-1))*0. Suppose y*k = -4*k. Let d = 3 + k. What is the units digit of d?
3
Suppose -y = 4*u - 5, -5*u = -4*y + 13 + 7. Suppose x + 3*s - 11 = 0, 2*x + 4*s - 7 - y = 0. What is the units digit of (-56)/(-10) - x/10?
6
Let h(w) = w**2 - w + 2. Let q be h(3). Let x be (18/q)/(6/48). Suppose y - x = -y. What is the units digit of y?
9
Let p(a) = a**2 - 7*a + 8. Let i be p(6). Suppose 18 + 0 = 2*c + i*d, 4*d + 18 = 2*c. What is the units digit of c?
9
What is the tens digit of (2 + 6 - -1)*(-19)/(-1)?
7
Suppose 0*d + 25 = 5*u - 5*d, -4*d = 2*u + 2. What is the units digit of 80/15*u/2?
8
Let r = 467 - 272. What is the hundreds digit of r?
1
Let a = 6 + -2. Suppose i - 3*z = -5, i - a*i + 5*z - 3 = 0. What is the units digit of i?
4
Let x(q) = q + 9. Let b(o) = 2*o + 18. Let u(g) = -3*b(g) + 7*x(g). What is the units digit of u(0)?
9
Suppose 0 = -2*a - 2*a + 4*b - 28, 0 = -3*a - 5*b + 3. Let v be 4*-1 - (-6)/(-3). Let o = a - v. What is the units digit of o?
2
Let q(m) = m**2 - 8*m + 8. Suppose -s + 15 = 2*l, 2*l = -5*s - 2*l + 51. What is the units digit of q(s)?
1
Let c(k) = k**3 + 17*k**2 + 11*k - 26. What is the tens digit of c(-15)?
5
Let t be 3/9*(-18)/(-2). Suppose -t*b + 27 + 6 = 0. What is the units digit of b?
1
Let y be -21 - (2/1)/1. Let x = 6 - 8. What is the tens di